Last updated on 2025-02-22 05:51:48 CET.
Flavor | Version | Tinstall | Tcheck | Ttotal | Status | Flags |
---|---|---|---|---|---|---|
r-devel-linux-x86_64-debian-clang | 0.23 | 18.88 | 67.12 | 86.00 | NOTE | |
r-devel-linux-x86_64-debian-gcc | 0.23 | 15.32 | 47.89 | 63.21 | NOTE | |
r-devel-linux-x86_64-fedora-clang | 0.23 | 137.03 | OK | |||
r-devel-linux-x86_64-fedora-gcc | 0.23 | 132.79 | OK | |||
r-devel-macos-arm64 | 0.23 | 40.00 | OK | |||
r-devel-macos-x86_64 | 0.23 | 79.00 | OK | |||
r-devel-windows-x86_64 | 0.23 | 20.00 | 99.00 | 119.00 | NOTE | |
r-patched-linux-x86_64 | 0.23 | 25.61 | 63.32 | 88.93 | OK | |
r-release-linux-x86_64 | 0.23 | 16.93 | 62.89 | 79.82 | OK | |
r-release-macos-arm64 | 0.23 | 43.00 | OK | |||
r-release-macos-x86_64 | 0.23 | 62.00 | OK | |||
r-release-windows-x86_64 | 0.23 | 20.00 | 94.00 | 114.00 | OK | |
r-oldrel-macos-arm64 | 0.23 | 55.00 | OK | |||
r-oldrel-macos-x86_64 | 0.23 | 83.00 | OK | |||
r-oldrel-windows-x86_64 | 0.23 | 26.00 | 115.00 | 141.00 | OK |
Version: 0.23
Check: Rd cross-references
Result: NOTE
Found the following Rd file(s) with Rd \link{} targets missing package
anchors:
rboost.Rd: gbm.object, gbm.more, gbm.perf
Please provide package anchors for all Rd \link{} targets not in the
package itself and the base packages.
Flavors: r-devel-linux-x86_64-debian-clang, r-devel-linux-x86_64-debian-gcc, r-devel-windows-x86_64