Last updated on 2025-04-30 04:50:16 CEST.
Flavor | Version | Tinstall | Tcheck | Ttotal | Status | Flags |
---|---|---|---|---|---|---|
r-devel-linux-x86_64-debian-clang | 0.4 | 27.59 | 118.53 | 146.12 | NOTE | |
r-devel-linux-x86_64-debian-gcc | 0.4 | 23.60 | 78.23 | 101.83 | NOTE | |
r-devel-linux-x86_64-fedora-clang | 0.4 | 259.45 | OK | |||
r-devel-linux-x86_64-fedora-gcc | 0.4 | 255.33 | OK | |||
r-devel-windows-x86_64 | 0.4 | 38.00 | 173.00 | 211.00 | OK | |
r-patched-linux-x86_64 | 0.4 | 33.11 | 111.61 | 144.72 | OK | |
r-release-linux-x86_64 | 0.4 | 35.49 | 110.65 | 146.14 | OK | |
r-release-macos-arm64 | 0.4 | 96.00 | OK | |||
r-release-macos-x86_64 | 0.4 | 155.00 | OK | |||
r-release-windows-x86_64 | 0.4 | 38.00 | 170.00 | 208.00 | OK | |
r-oldrel-macos-arm64 | 0.4 | 97.00 | OK | |||
r-oldrel-macos-x86_64 | 0.4 | 162.00 | OK | |||
r-oldrel-windows-x86_64 | 0.4 | 40.00 | 197.00 | 237.00 | OK |
Version: 0.4
Check: examples
Result: NOTE
Examples with CPU (user + system) or elapsed time > 5s
user system elapsed
rapidsplit 5.531 0.064 11.882
Flavor: r-devel-linux-x86_64-debian-clang
Version: 0.4
Check: examples
Result: NOTE
Examples with CPU (user + system) or elapsed time > 5s
user system elapsed
rapidsplit 3.565 0.066 7.126
Flavor: r-devel-linux-x86_64-debian-gcc