Last updated on 2025-04-30 04:50:16 CEST.
Flavor | Version | Tinstall | Tcheck | Ttotal | Status | Flags |
---|---|---|---|---|---|---|
r-devel-linux-x86_64-debian-clang | 1.0.1 | 151.08 | 324.35 | 475.43 | OK | |
r-devel-linux-x86_64-debian-gcc | 1.0.1 | 106.71 | 212.52 | 319.23 | OK | |
r-devel-linux-x86_64-fedora-clang | 1.0.1 | 755.21 | OK | |||
r-devel-linux-x86_64-fedora-gcc | 1.0.1 | 713.68 | OK | |||
r-devel-windows-x86_64 | 1.0.1 | 154.00 | 307.00 | 461.00 | OK | |
r-patched-linux-x86_64 | 1.0.1 | 147.68 | 307.59 | 455.27 | OK | |
r-release-linux-x86_64 | 1.0.1 | 141.89 | 307.74 | 449.63 | OK | |
r-release-macos-arm64 | 1.0.1 | 182.00 | OK | |||
r-release-macos-x86_64 | 1.0.1 | 329.00 | OK | |||
r-release-windows-x86_64 | 1.0.1 | 150.00 | 313.00 | 463.00 | OK | |
r-oldrel-macos-arm64 | 1.0.1 | 184.00 | NOTE | |||
r-oldrel-macos-x86_64 | 1.0.1 | 250.00 | NOTE | |||
r-oldrel-windows-x86_64 | 1.0.1 | 186.00 | 410.00 | 596.00 | NOTE |
Version: 1.0.1
Check: package dependencies
Result: NOTE
Package suggested but not available for checking: ‘gurobi’
Flavors: r-oldrel-macos-arm64, r-oldrel-macos-x86_64, r-oldrel-windows-x86_64
Version: 1.0.1
Check: installed package size
Result: NOTE
installed size is 16.3Mb
sub-directories of 1Mb or more:
doc 1.7Mb
extdata 4.1Mb
libs 9.6Mb
Flavors: r-oldrel-macos-arm64, r-oldrel-macos-x86_64, r-oldrel-windows-x86_64