Last updated on 2025-04-30 04:50:16 CEST.
Flavor | Version | Tinstall | Tcheck | Ttotal | Status | Flags |
---|---|---|---|---|---|---|
r-devel-linux-x86_64-debian-clang | 0.1.1 | 31.32 | 73.35 | 104.67 | NOTE | |
r-devel-linux-x86_64-debian-gcc | 0.1.1 | 26.03 | 54.64 | 80.67 | NOTE | |
r-devel-linux-x86_64-fedora-clang | 0.1.1 | 186.80 | OK | |||
r-devel-linux-x86_64-fedora-gcc | 0.1.1 | 186.99 | OK | |||
r-devel-windows-x86_64 | 0.1.1 | 39.00 | 106.00 | 145.00 | OK | |
r-patched-linux-x86_64 | 0.1.1 | 33.82 | 71.02 | 104.84 | OK | |
r-release-linux-x86_64 | 0.1.1 | 33.32 | 70.72 | 104.04 | OK | |
r-release-macos-arm64 | 0.1.1 | 64.00 | OK | |||
r-release-macos-x86_64 | 0.1.1 | 107.00 | OK | |||
r-release-windows-x86_64 | 0.1.1 | 39.00 | 105.00 | 144.00 | OK | |
r-oldrel-macos-arm64 | 0.1.1 | 55.00 | OK | |||
r-oldrel-macos-x86_64 | 0.1.1 | 80.00 | OK | |||
r-oldrel-windows-x86_64 | 0.1.1 | 43.00 | 127.00 | 170.00 | OK |
Version: 0.1.1
Check: CRAN incoming feasibility
Result: NOTE
Maintainer: ‘Xiaohan Yan <xy257@cornell.edu>’
No Authors@R field in DESCRIPTION.
Please add one, modifying
Authors@R: c(person(given = "Xiaohan",
family = "Yan",
role = c("aut", "cre"),
email = "xy257@cornell.edu"),
person(given = "Jacob",
family = "Bien",
role = c("aut", "cre")))
as necessary.
The Description field contains
<arXiv:1803.06675>. The package allows efficient model fitting on the
Please refer to arXiv e-prints via their arXiv DOI <doi:10.48550/arXiv.YYMM.NNNNN>.
Flavors: r-devel-linux-x86_64-debian-clang, r-devel-linux-x86_64-debian-gcc