Last updated on 2025-04-30 04:50:16 CEST.
Flavor | Version | Tinstall | Tcheck | Ttotal | Status | Flags |
---|---|---|---|---|---|---|
r-devel-linux-x86_64-debian-clang | 1.0.6 | 3.77 | 286.88 | 290.65 | NOTE | |
r-devel-linux-x86_64-debian-gcc | 1.0.6 | 2.97 | 215.53 | 218.50 | NOTE | |
r-devel-linux-x86_64-fedora-clang | 1.0.6 | 471.23 | OK | |||
r-devel-linux-x86_64-fedora-gcc | 1.0.6 | 444.57 | OK | |||
r-devel-windows-x86_64 | 1.0.6 | 6.00 | 280.00 | 286.00 | OK | |
r-patched-linux-x86_64 | 1.0.6 | 4.70 | 271.35 | 276.05 | OK | |
r-release-linux-x86_64 | 1.0.6 | 3.79 | 272.08 | 275.87 | OK | |
r-release-macos-arm64 | 1.0.6 | 152.00 | OK | |||
r-release-macos-x86_64 | 1.0.6 | 331.00 | OK | |||
r-release-windows-x86_64 | 1.0.6 | 6.00 | 268.00 | 274.00 | OK | |
r-oldrel-macos-arm64 | 1.0.6 | 90.00 | OK | |||
r-oldrel-macos-x86_64 | 1.0.6 | 195.00 | OK | |||
r-oldrel-windows-x86_64 | 1.0.6 | 7.00 | 342.00 | 349.00 | OK |
Version: 1.0.6
Check: examples
Result: NOTE
Examples with CPU (user + system) or elapsed time > 5s
user system elapsed
dummies 7.537 0.035 9.165
locations 6.617 0.224 8.748
engine 4.178 0.166 13.663
Flavor: r-devel-linux-x86_64-debian-clang
Version: 1.0.6
Check: examples
Result: NOTE
Examples with CPU (user + system) or elapsed time > 5s
user system elapsed
locations 5.148 0.067 5.534
Flavor: r-devel-linux-x86_64-debian-gcc