CRAN Package Check Results for Package ratelimitr

Last updated on 2025-02-21 03:52:23 CET.

Flavor Version Tinstall Tcheck Ttotal Status Flags
r-devel-linux-x86_64-debian-clang 0.4.1 1.85 23.89 25.74 OK
r-devel-linux-x86_64-debian-gcc 0.4.1 1.55 20.32 21.87 OK
r-devel-linux-x86_64-fedora-clang 0.4.1 41.41 OK
r-devel-linux-x86_64-fedora-gcc 0.4.1 53.21 OK
r-devel-macos-arm64 0.4.1 38.00 OK
r-devel-macos-x86_64 0.4.1 63.00 OK
r-devel-windows-x86_64 0.4.1 4.00 62.00 66.00 OK
r-patched-linux-x86_64 0.4.1 1.91 23.04 24.95 NOTE
r-release-linux-x86_64 0.4.1 1.85 23.08 24.93 NOTE
r-release-macos-arm64 0.4.1 41.00 NOTE
r-release-macos-x86_64 0.4.1 70.00 NOTE
r-release-windows-x86_64 0.4.1 3.00 63.00 66.00 NOTE
r-oldrel-macos-arm64 0.4.1 41.00 NOTE
r-oldrel-macos-x86_64 0.4.1 52.00 NOTE
r-oldrel-windows-x86_64 0.4.1 4.00 88.00 92.00 NOTE

Check Details

Version: 0.4.1
Check: LazyData
Result: NOTE 'LazyData' is specified without a 'data' directory Flavors: r-patched-linux-x86_64, r-release-linux-x86_64, r-release-macos-arm64, r-release-macos-x86_64, r-release-windows-x86_64, r-oldrel-macos-arm64, r-oldrel-macos-x86_64, r-oldrel-windows-x86_64