Last updated on 2025-02-21 03:52:23 CET.
Flavor | Version | Tinstall | Tcheck | Ttotal | Status | Flags |
---|---|---|---|---|---|---|
r-devel-linux-x86_64-debian-clang | 1.2.4 | 55.09 | 151.79 | 206.88 | NOTE | |
r-devel-linux-x86_64-debian-gcc | 1.2.4 | 35.62 | 102.22 | 137.84 | NOTE | |
r-devel-linux-x86_64-fedora-clang | 1.2.4 | 340.04 | NOTE | |||
r-devel-linux-x86_64-fedora-gcc | 1.2.4 | 333.51 | NOTE | |||
r-devel-macos-arm64 | 1.2.4 | 93.00 | NOTE | |||
r-devel-macos-x86_64 | 1.2.4 | 212.00 | NOTE | |||
r-devel-windows-x86_64 | 1.2.4 | 53.00 | 167.00 | 220.00 | NOTE | |
r-patched-linux-x86_64 | 1.2.4 | 53.08 | 138.70 | 191.78 | NOTE | |
r-release-linux-x86_64 | 1.2.4 | 48.57 | 137.22 | 185.79 | NOTE | |
r-release-macos-arm64 | 1.2.4 | 94.00 | NOTE | |||
r-release-macos-x86_64 | 1.2.4 | 193.00 | NOTE | |||
r-release-windows-x86_64 | 1.2.4 | 57.00 | 166.00 | 223.00 | NOTE | |
r-oldrel-macos-arm64 | 1.2.4 | 94.00 | NOTE | |||
r-oldrel-macos-x86_64 | 1.2.4 | 166.00 | NOTE | |||
r-oldrel-windows-x86_64 | 1.2.4 | 71.00 | 220.00 | 291.00 | NOTE |
Version: 1.2.4
Check: C++ specification
Result: NOTE
Specified C++11: please drop specification unless essential
Flavors: r-devel-linux-x86_64-debian-clang, r-devel-linux-x86_64-debian-gcc, r-devel-linux-x86_64-fedora-clang, r-devel-linux-x86_64-fedora-gcc, r-devel-macos-arm64, r-devel-macos-x86_64, r-devel-windows-x86_64, r-patched-linux-x86_64, r-release-linux-x86_64, r-release-macos-arm64, r-release-macos-x86_64, r-release-windows-x86_64, r-oldrel-macos-arm64, r-oldrel-macos-x86_64, r-oldrel-windows-x86_64
Version: 1.2.4
Check: installed package size
Result: NOTE
installed size is 6.6Mb
sub-directories of 1Mb or more:
libs 4.9Mb
Flavors: r-release-macos-arm64, r-release-macos-x86_64, r-oldrel-macos-arm64, r-oldrel-macos-x86_64