Last updated on 2025-04-30 04:50:16 CEST.
Flavor | Version | Tinstall | Tcheck | Ttotal | Status | Flags |
---|---|---|---|---|---|---|
r-devel-linux-x86_64-debian-clang | 1.1.0 | 87.11 | 109.24 | 196.35 | OK | |
r-devel-linux-x86_64-debian-gcc | 1.1.0 | 69.38 | 77.16 | 146.54 | OK | |
r-devel-linux-x86_64-fedora-clang | 1.1.0 | 341.37 | OK | |||
r-devel-linux-x86_64-fedora-gcc | 1.1.0 | 386.12 | OK | |||
r-devel-windows-x86_64 | 1.1.0 | 93.00 | 150.00 | 243.00 | OK | |
r-patched-linux-x86_64 | 1.1.0 | 100.35 | 101.41 | 201.76 | OK | |
r-release-linux-x86_64 | 1.1.0 | 91.24 | 101.63 | 192.87 | OK | |
r-release-macos-arm64 | 1.1.0 | 88.00 | OK | |||
r-release-macos-x86_64 | 1.1.0 | 161.00 | OK | |||
r-release-windows-x86_64 | 1.1.0 | 90.00 | 149.00 | 239.00 | OK | |
r-oldrel-macos-arm64 | 1.1.0 | 87.00 | NOTE | |||
r-oldrel-macos-x86_64 | 1.1.0 | 219.00 | NOTE | |||
r-oldrel-windows-x86_64 | 1.1.0 | 113.00 | 183.00 | 296.00 | OK |
Version: 1.1.0
Check: installed package size
Result: NOTE
installed size is 24.3Mb
sub-directories of 1Mb or more:
libs 23.6Mb
Flavors: r-oldrel-macos-arm64, r-oldrel-macos-x86_64