Last updated on 2025-04-30 04:50:16 CEST.
Flavor | Version | Tinstall | Tcheck | Ttotal | Status | Flags |
---|---|---|---|---|---|---|
r-devel-linux-x86_64-debian-clang | 0.1-1 | 2.09 | 19.21 | 21.30 | NOTE | |
r-devel-linux-x86_64-debian-gcc | 0.1-1 | 1.45 | 15.30 | 16.75 | NOTE | |
r-devel-linux-x86_64-fedora-clang | 0.1-1 | 35.96 | OK | |||
r-devel-linux-x86_64-fedora-gcc | 0.1-1 | 31.32 | OK | |||
r-devel-windows-x86_64 | 0.1-1 | 3.00 | 44.00 | 47.00 | OK | |
r-patched-linux-x86_64 | 0.1-1 | 2.21 | 18.79 | 21.00 | OK | |
r-release-linux-x86_64 | 0.1-1 | 1.99 | 18.39 | 20.38 | OK | |
r-release-macos-arm64 | 0.1-1 | 14.00 | OK | |||
r-release-macos-x86_64 | 0.1-1 | 24.00 | OK | |||
r-release-windows-x86_64 | 0.1-1 | 3.00 | 43.00 | 46.00 | OK | |
r-oldrel-macos-arm64 | 0.1-1 | 14.00 | OK | |||
r-oldrel-macos-x86_64 | 0.1-1 | 20.00 | OK | |||
r-oldrel-windows-x86_64 | 0.1-1 | 3.00 | 43.00 | 46.00 | OK |
Version: 0.1-1
Check: CRAN incoming feasibility
Result: NOTE
Maintainer: ‘Yixuan Qiu <yixuan.qiu@cos.name>’
No Authors@R field in DESCRIPTION.
Please add one, modifying
Authors@R: person(given = "Yixuan",
family = "Qiu",
role = c("aut", "cre"),
email = "yixuan.qiu@cos.name")
as necessary.
Flavors: r-devel-linux-x86_64-debian-clang, r-devel-linux-x86_64-debian-gcc