Last updated on 2025-11-04 03:51:04 CET.
| Flavor | Version | Tinstall | Tcheck | Ttotal | Status | Flags | 
|---|---|---|---|---|---|---|
| r-devel-linux-x86_64-debian-clang | 5.5.1 | 22.15 | 103.29 | 125.44 | NOTE | |
| r-devel-linux-x86_64-debian-gcc | 5.5.1 | 14.92 | 64.82 | 79.74 | NOTE | |
| r-devel-linux-x86_64-fedora-clang | 5.5.1 | 55.00 | 135.72 | 190.72 | NOTE | |
| r-devel-linux-x86_64-fedora-gcc | 5.5.1 | 42.00 | 149.92 | 191.92 | NOTE | |
| r-devel-windows-x86_64 | 5.5.1 | 21.00 | 106.00 | 127.00 | NOTE | |
| r-patched-linux-x86_64 | 5.5.1 | 19.19 | 92.32 | 111.51 | NOTE | |
| r-release-linux-x86_64 | 5.5.1 | 18.98 | 93.10 | 112.08 | NOTE | |
| r-release-macos-arm64 | 5.5.1 | 8.00 | 44.00 | 52.00 | NOTE | |
| r-release-macos-x86_64 | 5.5.1 | 21.00 | 89.00 | 110.00 | NOTE | |
| r-release-windows-x86_64 | 5.5.1 | 20.00 | 104.00 | 124.00 | NOTE | |
| r-oldrel-macos-arm64 | 5.5.1 | 10.00 | 47.00 | 57.00 | NOTE | |
| r-oldrel-macos-x86_64 | 5.5.1 | 38.00 | 100.00 | 138.00 | NOTE | |
| r-oldrel-windows-x86_64 | 5.5.1 | 33.00 | 131.00 | 164.00 | NOTE | 
Version: 5.5.1
Check: CRAN incoming feasibility
Result: NOTE
  Maintainer: ‘Graham Williams <Graham.Williams@togaware.com>’
  
  Package CITATION file contains call(s) to old-style personList() or
  as.personList().  Please use c() on person objects instead.
  Package CITATION file contains call(s) to old-style citEntry().  Please
  use bibentry() instead.
Flavors: r-devel-linux-x86_64-debian-clang, r-devel-linux-x86_64-debian-gcc
Version: 5.5.1
Check: Rd files
Result: NOTE
  checkRd: (-1) acquireAuditData.Rd:24: Escaped LaTeX specials: \_
  checkRd: (-1) rattle.Rd:44: Escaped LaTeX specials: \_
Flavors: r-devel-linux-x86_64-debian-clang, r-devel-linux-x86_64-debian-gcc, r-devel-linux-x86_64-fedora-clang, r-devel-linux-x86_64-fedora-gcc, r-devel-windows-x86_64, r-patched-linux-x86_64, r-release-linux-x86_64, r-release-macos-arm64, r-release-macos-x86_64, r-release-windows-x86_64, r-oldrel-macos-arm64, r-oldrel-macos-x86_64, r-oldrel-windows-x86_64
Version: 5.5.1
Check: package dependencies
Result: NOTE
  Packages suggested but not available for checking: 'cairoDevice', 'RGtk2'
Flavors: r-oldrel-macos-arm64, r-oldrel-macos-x86_64, r-oldrel-windows-x86_64
Version: 5.5.1
Check: installed package size
Result: NOTE
    installed size is 10.5Mb
    sub-directories of 1Mb or more:
      data   5.6Mb
      etc    1.9Mb
      po     1.2Mb
Flavors: r-oldrel-macos-arm64, r-oldrel-macos-x86_64, r-oldrel-windows-x86_64