Last updated on 2025-04-30 04:50:16 CEST.
Flavor | Version | Tinstall | Tcheck | Ttotal | Status | Flags |
---|---|---|---|---|---|---|
r-devel-linux-x86_64-debian-clang | 0.12.0 | 141.08 | 56.37 | 197.45 | OK | |
r-devel-linux-x86_64-debian-gcc | 0.12.0 | 107.16 | 39.94 | 147.10 | OK | |
r-devel-linux-x86_64-fedora-clang | 0.12.0 | 348.59 | OK | |||
r-devel-linux-x86_64-fedora-gcc | 0.12.0 | 372.49 | OK | |||
r-devel-windows-x86_64 | 0.12.0 | 163.00 | 109.00 | 272.00 | OK | |
r-patched-linux-x86_64 | 0.12.0 | 158.39 | 53.42 | 211.81 | OK | |
r-release-linux-x86_64 | 0.12.0 | 157.09 | 52.68 | 209.77 | OK | |
r-release-macos-arm64 | 0.12.0 | 124.00 | OK | |||
r-release-macos-x86_64 | 0.12.0 | 147.00 | OK | |||
r-release-windows-x86_64 | 0.12.0 | 163.00 | 113.00 | 276.00 | OK | |
r-oldrel-macos-arm64 | 0.12.0 | 87.00 | NOTE | |||
r-oldrel-macos-x86_64 | 0.12.0 | 127.00 | NOTE | |||
r-oldrel-windows-x86_64 | 0.12.0 | 180.00 | 125.00 | 305.00 | NOTE |
Version: 0.12.0
Check: installed package size
Result: NOTE
installed size is 13.8Mb
sub-directories of 1Mb or more:
libs 13.0Mb
Flavors: r-oldrel-macos-arm64, r-oldrel-macos-x86_64, r-oldrel-windows-x86_64