CRAN Package Check Results for Package rbcb

Last updated on 2025-04-30 04:50:16 CEST.

Flavor Version Tinstall Tcheck Ttotal Status Flags
r-devel-linux-x86_64-debian-clang 0.1.14 4.94 45.21 50.15 NOTE
r-devel-linux-x86_64-debian-gcc 0.1.14 4.01 31.75 35.76 NOTE
r-devel-linux-x86_64-fedora-clang 0.1.14 79.75 OK
r-devel-linux-x86_64-fedora-gcc 0.1.14 69.53 OK
r-devel-windows-x86_64 0.1.14 6.00 67.00 73.00 OK
r-patched-linux-x86_64 0.1.14 5.34 40.05 45.39 OK
r-release-linux-x86_64 0.1.14 4.60 40.04 44.64 OK
r-release-macos-arm64 0.1.14 28.00 OK
r-release-macos-x86_64 0.1.14 69.00 OK
r-release-windows-x86_64 0.1.14 6.00 65.00 71.00 OK
r-oldrel-macos-arm64 0.1.14 25.00 OK
r-oldrel-macos-x86_64 0.1.14 38.00 OK
r-oldrel-windows-x86_64 0.1.14 8.00 71.00 79.00 OK

Check Details

Version: 0.1.14
Check: CRAN incoming feasibility
Result: NOTE Maintainer: ‘Wilson Freitas <wilson.freitas@gmail.com>’ No Authors@R field in DESCRIPTION. Please add one, modifying Authors@R: person(given = "Wilson", family = "Freitas", role = c("aut", "cre"), email = "wilson.freitas@gmail.com") as necessary. Flavors: r-devel-linux-x86_64-debian-clang, r-devel-linux-x86_64-debian-gcc