Last updated on 2025-04-30 04:50:16 CEST.
Flavor | Version | Tinstall | Tcheck | Ttotal | Status | Flags |
---|---|---|---|---|---|---|
r-devel-linux-x86_64-debian-clang | 0.1.4 | 3.26 | 53.35 | 56.61 | NOTE | |
r-devel-linux-x86_64-debian-gcc | 0.1.4 | 2.25 | 35.51 | 37.76 | OK | |
r-devel-linux-x86_64-fedora-clang | 0.1.4 | 93.28 | OK | |||
r-devel-linux-x86_64-fedora-gcc | 0.1.4 | 83.67 | OK | |||
r-devel-windows-x86_64 | 0.1.4 | 5.00 | 76.00 | 81.00 | OK | |
r-patched-linux-x86_64 | 0.1.4 | 3.35 | 49.77 | 53.12 | OK | |
r-release-linux-x86_64 | 0.1.4 | 2.69 | 49.96 | 52.65 | OK | |
r-release-macos-arm64 | 0.1.4 | 26.00 | OK | |||
r-release-macos-x86_64 | 0.1.4 | 49.00 | OK | |||
r-release-windows-x86_64 | 0.1.4 | 5.00 | 74.00 | 79.00 | OK | |
r-oldrel-macos-arm64 | 0.1.4 | 30.00 | OK | |||
r-oldrel-macos-x86_64 | 0.1.4 | 50.00 | OK | |||
r-oldrel-windows-x86_64 | 0.1.4 | 6.00 | 85.00 | 91.00 | OK |
Version: 0.1.4
Check: examples
Result: NOTE
Examples with CPU (user + system) or elapsed time > 5s
user system elapsed
data_gen 4.078 0.142 5.565
Flavor: r-devel-linux-x86_64-debian-clang