Last updated on 2025-04-30 04:50:16 CEST.
Flavor | Version | Tinstall | Tcheck | Ttotal | Status | Flags |
---|---|---|---|---|---|---|
r-devel-linux-x86_64-debian-clang | 1.2.1 | 390.83 | 198.90 | 589.73 | OK | |
r-devel-linux-x86_64-debian-gcc | 1.2.1 | 341.25 | 165.26 | 506.51 | OK | |
r-devel-linux-x86_64-fedora-clang | 1.2.1 | 883.86 | OK | |||
r-devel-linux-x86_64-fedora-gcc | 1.2.1 | 1105.77 | OK | |||
r-devel-windows-x86_64 | 1.2.1 | 381.00 | 242.00 | 623.00 | OK | |
r-patched-linux-x86_64 | 1.2.1 | 407.98 | 220.60 | 628.58 | OK | |
r-release-linux-x86_64 | 1.2.1 | 397.66 | 219.83 | 617.49 | OK | |
r-release-macos-arm64 | 1.2.1 | 254.00 | OK | |||
r-release-macos-x86_64 | 1.2.1 | 341.00 | OK | |||
r-release-windows-x86_64 | 1.2.1 | 385.00 | 243.00 | 628.00 | OK | |
r-oldrel-macos-arm64 | 1.2.1 | 132.00 | NOTE | |||
r-oldrel-macos-x86_64 | 1.2.1 | 165.00 | NOTE | |||
r-oldrel-windows-x86_64 | 1.2.1 | 433.00 | 307.00 | 740.00 | NOTE |
Version: 1.2.1
Check: installed package size
Result: NOTE
installed size is 66.1Mb
sub-directories of 1Mb or more:
libs 65.5Mb
Flavors: r-oldrel-macos-arm64, r-oldrel-macos-x86_64
Version: 1.2.1
Check: for GNU extensions in Makefiles
Result: NOTE
GNU make is a SystemRequirements.
Flavors: r-oldrel-macos-arm64, r-oldrel-macos-x86_64, r-oldrel-windows-x86_64