CRAN Package Check Results for Package rbmn

Last updated on 2025-04-30 04:50:16 CEST.

Flavor Version Tinstall Tcheck Ttotal Status Flags
r-devel-linux-x86_64-debian-clang 0.9-6 5.83 37.96 43.79 NOTE
r-devel-linux-x86_64-debian-gcc 0.9-6 3.95 27.42 31.37 NOTE
r-devel-linux-x86_64-fedora-clang 0.9-6 73.26 OK
r-devel-linux-x86_64-fedora-gcc 0.9-6 61.83 OK
r-devel-windows-x86_64 0.9-6 6.00 69.00 75.00 OK
r-patched-linux-x86_64 0.9-6 6.67 35.89 42.56 OK
r-release-linux-x86_64 0.9-6 4.96 35.93 40.89 OK
r-release-macos-arm64 0.9-6 25.00 OK
r-release-macos-x86_64 0.9-6 56.00 OK
r-release-windows-x86_64 0.9-6 6.00 68.00 74.00 OK
r-oldrel-macos-arm64 0.9-6 22.00 OK
r-oldrel-macos-x86_64 0.9-6 53.00 OK
r-oldrel-windows-x86_64 0.9-6 8.00 71.00 79.00 OK

Check Details

Version: 0.9-6
Check: CRAN incoming feasibility
Result: NOTE Maintainer: ‘Marco Scutari <scutari@bnlearn.com>’ No Authors@R field in DESCRIPTION. Please add one, modifying Authors@R: c(person(given = "Jean-Baptiste", family = "Denis", role = c("aut", "cre")), person(given = "Marco", family = "Scutari", role = c("ctb", "cre"), email = "scutari@bnlearn.com")) as necessary. Flavors: r-devel-linux-x86_64-debian-clang, r-devel-linux-x86_64-debian-gcc