Last updated on 2025-02-21 03:52:23 CET.
Flavor | Version | Tinstall | Tcheck | Ttotal | Status | Flags |
---|---|---|---|---|---|---|
r-devel-linux-x86_64-debian-clang | 1.0.2 | 30.83 | 59.16 | 89.99 | NOTE | |
r-devel-linux-x86_64-debian-gcc | 1.0.2 | 20.79 | 43.89 | 64.68 | NOTE | |
r-devel-linux-x86_64-fedora-clang | 1.0.2 | 147.17 | NOTE | |||
r-devel-linux-x86_64-fedora-gcc | 1.0.2 | 146.78 | NOTE | |||
r-devel-macos-arm64 | 1.0.2 | 43.00 | NOTE | |||
r-devel-macos-x86_64 | 1.0.2 | 76.00 | NOTE | |||
r-devel-windows-x86_64 | 1.0.2 | 34.00 | 92.00 | 126.00 | NOTE | |
r-patched-linux-x86_64 | 1.0.2 | 30.44 | 56.22 | 86.66 | NOTE | |
r-release-linux-x86_64 | 1.0.2 | 31.44 | 55.16 | 86.60 | NOTE | |
r-release-macos-arm64 | 1.0.2 | 41.00 | NOTE | |||
r-release-macos-x86_64 | 1.0.2 | 70.00 | NOTE | |||
r-release-windows-x86_64 | 1.0.2 | 32.00 | 89.00 | 121.00 | NOTE | |
r-oldrel-macos-arm64 | 1.0.2 | 49.00 | NOTE | |||
r-oldrel-macos-x86_64 | 1.0.2 | 78.00 | NOTE | |||
r-oldrel-windows-x86_64 | 1.0.2 | 40.00 | 104.00 | 144.00 | NOTE |
Version: 1.0.2
Check: C++ specification
Result: NOTE
Specified C++11: please drop specification unless essential
Flavors: r-devel-linux-x86_64-debian-clang, r-devel-linux-x86_64-debian-gcc, r-devel-linux-x86_64-fedora-clang, r-devel-linux-x86_64-fedora-gcc, r-devel-macos-arm64, r-devel-macos-x86_64, r-devel-windows-x86_64, r-patched-linux-x86_64, r-release-linux-x86_64, r-release-macos-arm64, r-release-macos-x86_64, r-release-windows-x86_64, r-oldrel-macos-arm64, r-oldrel-macos-x86_64, r-oldrel-windows-x86_64
Version: 1.0.2
Check: dependencies in R code
Result: NOTE
Namespace in Imports field not imported from: ‘dplyr’
All declared Imports should be used.
Flavors: r-devel-linux-x86_64-fedora-clang, r-devel-linux-x86_64-fedora-gcc