CRAN Package Check Results for Package rbw

Last updated on 2025-04-30 04:50:16 CEST.

Flavor Version Tinstall Tcheck Ttotal Status Flags
r-devel-linux-x86_64-debian-clang 0.3.2 5.05 48.48 53.53 NOTE
r-devel-linux-x86_64-debian-gcc 0.3.2 3.14 36.76 39.90 NOTE
r-devel-linux-x86_64-fedora-clang 0.3.2 85.47 OK
r-devel-linux-x86_64-fedora-gcc 0.3.2 89.72 OK
r-devel-windows-x86_64 0.3.2 6.00 78.00 84.00 OK
r-patched-linux-x86_64 0.3.2 4.90 44.25 49.15 OK
r-release-linux-x86_64 0.3.2 4.19 44.26 48.45 OK
r-release-macos-arm64 0.3.2 34.00 OK
r-release-macos-x86_64 0.3.2 85.00 OK
r-release-windows-x86_64 0.3.2 7.00 77.00 84.00 OK
r-oldrel-macos-arm64 0.3.2 33.00 OK
r-oldrel-macos-x86_64 0.3.2 51.00 OK
r-oldrel-windows-x86_64 0.3.2 7.00 80.00 87.00 OK

Check Details

Version: 0.3.2
Check: CRAN incoming feasibility
Result: NOTE Maintainer: ‘Xiang Zhou <xiang_zhou@fas.harvard.edu>’ The BugReports field in DESCRIPTION has https://github.com/xiangzhou09/rbw which should likely be https://github.com/xiangzhou09/rbw/issues instead. Flavors: r-devel-linux-x86_64-debian-clang, r-devel-linux-x86_64-debian-gcc