Last updated on 2025-04-30 04:50:16 CEST.
Flavor | Version | Tinstall | Tcheck | Ttotal | Status | Flags |
---|---|---|---|---|---|---|
r-devel-linux-x86_64-debian-clang | 1.0 | 8.10 | 105.38 | 113.48 | NOTE | |
r-devel-linux-x86_64-debian-gcc | 1.0 | 5.33 | 72.64 | 77.97 | OK | |
r-devel-linux-x86_64-fedora-clang | 1.0 | 194.70 | OK | |||
r-devel-linux-x86_64-fedora-gcc | 1.0 | 174.09 | OK | |||
r-devel-windows-x86_64 | 1.0 | 9.00 | 108.00 | 117.00 | OK | |
r-patched-linux-x86_64 | 1.0 | 8.09 | 100.31 | 108.40 | OK | |
r-release-linux-x86_64 | 1.0 | 7.29 | 100.36 | 107.65 | OK | |
r-release-macos-arm64 | 1.0 | 44.00 | OK | |||
r-release-macos-x86_64 | 1.0 | 77.00 | OK | |||
r-release-windows-x86_64 | 1.0 | 10.00 | 107.00 | 117.00 | OK | |
r-oldrel-macos-arm64 | 1.0 | 37.00 | OK | |||
r-oldrel-macos-x86_64 | 1.0 | 66.00 | OK | |||
r-oldrel-windows-x86_64 | 1.0 | 10.00 | 136.00 | 146.00 | OK |
Version: 1.0
Check: examples
Result: NOTE
Examples with CPU (user + system) or elapsed time > 5s
user system elapsed
graph1_m_BOD 6.361 0.000 7.085
graph2_m_BOD 6.219 0.000 8.229
conditional_DEA 5.303 0.000 6.752
graph1_m_DEA 5.256 0.003 5.962
robust_BOD 4.887 0.000 5.808
graph2_m_DEA 4.681 0.000 5.559
robust_DEA 4.603 0.000 6.201
Flavor: r-devel-linux-x86_64-debian-clang