CRAN Package Check Results for Package rcbsubset

Last updated on 2025-04-30 04:50:16 CEST.

Flavor Version Tinstall Tcheck Ttotal Status Flags
r-devel-linux-x86_64-debian-clang 1.1.7 3.02 27.85 30.87 NOTE
r-devel-linux-x86_64-debian-gcc 1.1.7 2.23 21.57 23.80 NOTE
r-devel-linux-x86_64-fedora-clang 1.1.7 54.24 NOTE
r-devel-linux-x86_64-fedora-gcc 1.1.7 47.66 NOTE
r-devel-windows-x86_64 1.1.7 3.00 49.00 52.00 OK
r-patched-linux-x86_64 1.1.7 2.69 26.75 29.44 OK
r-release-linux-x86_64 1.1.7 2.82 26.55 29.37 OK
r-release-macos-arm64 1.1.7 23.00 OK
r-release-macos-x86_64 1.1.7 38.00 OK
r-release-windows-x86_64 1.1.7 4.00 49.00 53.00 OK
r-oldrel-macos-arm64 1.1.7 19.00 NOTE
r-oldrel-macos-x86_64 1.1.7 29.00 NOTE
r-oldrel-windows-x86_64 1.1.7 5.00 50.00 55.00 NOTE

Check Details

Version: 1.1.7
Check: CRAN incoming feasibility
Result: NOTE Maintainer: ‘Samuel D. Pimentel <spi@berkeley.edu>’ No Authors@R field in DESCRIPTION. Please add one, modifying Authors@R: person(given = c("Samuel", "D."), family = "Pimentel", role = c("aut", "cre"), email = "spi@berkeley.edu") as necessary. Flavors: r-devel-linux-x86_64-debian-clang, r-devel-linux-x86_64-debian-gcc

Version: 1.1.7
Check: dependencies in R code
Result: NOTE Namespace in Imports field not imported from: ‘rlemon’ All declared Imports should be used. Flavors: r-devel-linux-x86_64-fedora-clang, r-devel-linux-x86_64-fedora-gcc

Version: 1.1.7
Check: package dependencies
Result: NOTE Package suggested but not available for checking: ‘rrelaxiv’ Flavors: r-oldrel-macos-arm64, r-oldrel-macos-x86_64, r-oldrel-windows-x86_64