Last updated on 2025-04-30 04:50:16 CEST.
Flavor | Version | Tinstall | Tcheck | Ttotal | Status | Flags |
---|---|---|---|---|---|---|
r-devel-linux-x86_64-debian-clang | 0.1-3 | 18.16 | 111.35 | 129.51 | NOTE | |
r-devel-linux-x86_64-debian-gcc | 0.1-3 | 10.73 | 69.24 | 79.97 | OK | |
r-devel-linux-x86_64-fedora-clang | 0.1-3 | 211.70 | OK | |||
r-devel-linux-x86_64-fedora-gcc | 0.1-3 | 192.73 | OK | |||
r-devel-windows-x86_64 | 0.1-3 | 18.00 | 135.00 | 153.00 | OK | |
r-patched-linux-x86_64 | 0.1-3 | 21.35 | 106.12 | 127.47 | OK | |
r-release-linux-x86_64 | 0.1-3 | 16.61 | 104.30 | 120.91 | OK | |
r-release-macos-arm64 | 0.1-3 | 54.00 | OK | |||
r-release-macos-x86_64 | 0.1-3 | 105.00 | OK | |||
r-release-windows-x86_64 | 0.1-3 | 19.00 | 133.00 | 152.00 | OK | |
r-oldrel-macos-arm64 | 0.1-3 | 49.00 | NOTE | |||
r-oldrel-macos-x86_64 | 0.1-3 | 124.00 | NOTE | |||
r-oldrel-windows-x86_64 | 0.1-3 | 24.00 | 154.00 | 178.00 | NOTE |
Version: 0.1-3
Check: examples
Result: NOTE
Examples with CPU (user + system) or elapsed time > 5s
user system elapsed
soplsr_soplsda_allsteps 4.92 0.004 5.559
Flavor: r-devel-linux-x86_64-debian-clang
Version: 0.1-3
Check: installed package size
Result: NOTE
installed size is 5.2Mb
sub-directories of 1Mb or more:
data 4.2Mb
Flavors: r-oldrel-macos-arm64, r-oldrel-macos-x86_64, r-oldrel-windows-x86_64