Last updated on 2025-04-30 04:50:16 CEST.
Flavor | Version | Tinstall | Tcheck | Ttotal | Status | Flags |
---|---|---|---|---|---|---|
r-devel-linux-x86_64-debian-clang | 2.5.0 | 19.35 | 143.24 | 162.59 | NOTE | |
r-devel-linux-x86_64-debian-gcc | 2.5.0 | 13.46 | 95.09 | 108.55 | OK | |
r-devel-linux-x86_64-fedora-clang | 2.5.0 | 272.68 | OK | |||
r-devel-linux-x86_64-fedora-gcc | 2.5.0 | 243.45 | OK | |||
r-devel-windows-x86_64 | 2.5.0 | 20.00 | 172.00 | 192.00 | OK | |
r-patched-linux-x86_64 | 2.5.0 | 20.50 | 135.49 | 155.99 | OK | |
r-release-linux-x86_64 | 2.5.0 | 17.78 | 135.88 | 153.66 | OK | |
r-release-macos-arm64 | 2.5.0 | 64.00 | OK | |||
r-release-macos-x86_64 | 2.5.0 | 129.00 | OK | |||
r-release-windows-x86_64 | 2.5.0 | 19.00 | 170.00 | 189.00 | OK | |
r-oldrel-macos-arm64 | 2.5.0 | 62.00 | OK | |||
r-oldrel-macos-x86_64 | 2.5.0 | 122.00 | OK | |||
r-oldrel-windows-x86_64 | 2.5.0 | 27.00 | 209.00 | 236.00 | OK |
Version: 2.5.0
Check: examples
Result: NOTE
Examples with CPU (user + system) or elapsed time > 5s
user system elapsed
groupwisePercentile 7.521 0.062 9.404
Flavor: r-devel-linux-x86_64-debian-clang