Last updated on 2025-04-30 04:50:16 CEST.
Flavor | Version | Tinstall | Tcheck | Ttotal | Status | Flags |
---|---|---|---|---|---|---|
r-devel-linux-x86_64-debian-clang | 0.1.2 | 47.09 | 345.39 | 392.48 | OK | |
r-devel-linux-x86_64-debian-gcc | 0.1.2 | 32.70 | 225.59 | 258.29 | OK | |
r-devel-linux-x86_64-fedora-clang | 0.1.2 | 615.45 | OK | |||
r-devel-linux-x86_64-fedora-gcc | 0.1.2 | 596.27 | OK | |||
r-devel-windows-x86_64 | 0.1.2 | 53.00 | 423.00 | 476.00 | OK | |
r-patched-linux-x86_64 | 0.1.2 | 51.73 | 320.66 | 372.39 | OK | |
r-release-linux-x86_64 | 0.1.2 | 46.24 | 322.25 | 368.49 | OK | |
r-release-macos-arm64 | 0.1.2 | 155.00 | OK | |||
r-release-macos-x86_64 | 0.1.2 | 378.00 | OK | |||
r-release-windows-x86_64 | 0.1.2 | 54.00 | 414.00 | 468.00 | OK | |
r-oldrel-macos-arm64 | 0.1.2 | 145.00 | NOTE | |||
r-oldrel-macos-x86_64 | 0.1.2 | 231.00 | NOTE | |||
r-oldrel-windows-x86_64 | 0.1.2 | 63.00 | 513.00 | 576.00 | OK |
Version: 0.1.2
Check: installed package size
Result: NOTE
installed size is 7.4Mb
sub-directories of 1Mb or more:
libs 4.9Mb
Flavors: r-oldrel-macos-arm64, r-oldrel-macos-x86_64