Last updated on 2025-07-05 04:50:24 CEST.
Flavor | Version | Tinstall | Tcheck | Ttotal | Status | Flags |
---|---|---|---|---|---|---|
r-devel-linux-x86_64-debian-clang | 0.1.2 | 48.30 | 341.71 | 390.01 | OK | |
r-devel-linux-x86_64-debian-gcc | 0.1.2 | 32.44 | 222.30 | 254.74 | OK | |
r-devel-linux-x86_64-fedora-clang | 0.1.2 | 607.43 | OK | |||
r-devel-linux-x86_64-fedora-gcc | 0.1.2 | 609.05 | OK | |||
r-devel-windows-x86_64 | 0.1.2 | 52.00 | 397.00 | 449.00 | OK | |
r-patched-linux-x86_64 | 0.1.2 | 50.55 | 321.91 | 372.46 | OK | |
r-release-linux-x86_64 | 0.1.2 | 47.39 | 321.22 | 368.61 | OK | |
r-release-macos-arm64 | 0.1.2 | 155.00 | OK | |||
r-release-macos-x86_64 | 0.1.2 | 378.00 | OK | |||
r-release-windows-x86_64 | 0.1.2 | 51.00 | 397.00 | 448.00 | OK | |
r-oldrel-macos-arm64 | 0.1.2 | 145.00 | NOTE | |||
r-oldrel-macos-x86_64 | 0.1.2 | 231.00 | NOTE | |||
r-oldrel-windows-x86_64 | 0.1.2 | 69.00 | 523.00 | 592.00 | OK |
Version: 0.1.2
Check: installed package size
Result: NOTE
installed size is 7.4Mb
sub-directories of 1Mb or more:
libs 4.9Mb
Flavors: r-oldrel-macos-arm64, r-oldrel-macos-x86_64