CRAN Package Check Results for Package rcssci

Last updated on 2025-04-30 04:50:16 CEST.

Flavor Version Tinstall Tcheck Ttotal Status Flags
r-devel-linux-x86_64-debian-clang 0.4.0 12.49 105.37 117.86 NOTE
r-devel-linux-x86_64-debian-gcc 0.4.0 7.70 71.01 78.71 NOTE
r-devel-linux-x86_64-fedora-clang 0.4.0 192.02 OK
r-devel-linux-x86_64-fedora-gcc 0.4.0 165.98 OK
r-devel-windows-x86_64 0.4.0 14.00 117.00 131.00 OK
r-patched-linux-x86_64 0.4.0 12.24 100.57 112.81 OK
r-release-linux-x86_64 0.4.0 9.98 98.97 108.95 OK
r-release-macos-arm64 0.4.0 46.00 OK
r-release-macos-x86_64 0.4.0 90.00 OK
r-release-windows-x86_64 0.4.0 13.00 115.00 128.00 OK
r-oldrel-macos-arm64 0.4.0 44.00 OK
r-oldrel-macos-x86_64 0.4.0 68.00 OK
r-oldrel-windows-x86_64 0.4.0 15.00 145.00 160.00 OK

Check Details

Version: 0.4.0
Check: examples
Result: NOTE Examples with CPU (user + system) or elapsed time > 5s user system elapsed rcs_cox.lshap 6.416 0.304 8.002 Flavor: r-devel-linux-x86_64-debian-clang

Version: 0.4.0
Check: examples
Result: NOTE Examples with CPU (user + system) or elapsed time > 5s user system elapsed rcs_cox.lshap 4.358 0.393 7.117 Flavor: r-devel-linux-x86_64-debian-gcc