CRAN Package Check Results for Package rdbnomics

Last updated on 2025-04-30 04:50:16 CEST.

Flavor Version Tinstall Tcheck Ttotal Status Flags
r-devel-linux-x86_64-debian-clang 0.6.4 4.98 66.40 71.38 OK
r-devel-linux-x86_64-debian-gcc 0.6.4 3.58 52.79 56.37 OK
r-devel-linux-x86_64-fedora-clang 0.6.4 101.24 OK
r-devel-linux-x86_64-fedora-gcc 0.6.4 105.83 OK
r-devel-windows-x86_64 0.6.4 5.00 90.00 95.00 OK
r-patched-linux-x86_64 0.6.4 5.16 63.43 68.59 OK
r-release-linux-x86_64 0.6.4 5.02 63.39 68.41 OK
r-release-macos-arm64 0.6.4 45.00 OK
r-release-macos-x86_64 0.6.4 73.00 OK
r-release-windows-x86_64 0.6.4 6.00 91.00 97.00 OK
r-oldrel-macos-arm64 0.6.4 57.00 NOTE
r-oldrel-macos-x86_64 0.6.4 59.00 NOTE
r-oldrel-windows-x86_64 0.6.4 5.00 82.00 87.00 NOTE

Check Details

Version: 0.6.4
Check: LazyData
Result: NOTE 'LazyData' is specified without a 'data' directory Flavors: r-oldrel-macos-arm64, r-oldrel-macos-x86_64, r-oldrel-windows-x86_64