CRAN Package Check Results for Package rde

Last updated on 2025-02-21 03:52:23 CET.

Flavor Version Tinstall Tcheck Ttotal Status Flags
r-devel-linux-x86_64-debian-clang 0.1.0 1.89 25.69 27.58 OK
r-devel-linux-x86_64-debian-gcc 0.1.0 1.44 20.27 21.71 OK
r-devel-linux-x86_64-fedora-clang 0.1.0 44.99 OK
r-devel-linux-x86_64-fedora-gcc 0.1.0 58.12 OK
r-devel-macos-arm64 0.1.0 22.00 OK
r-devel-macos-x86_64 0.1.0 36.00 OK
r-devel-windows-x86_64 0.1.0 2.00 51.00 53.00 OK
r-patched-linux-x86_64 0.1.0 1.84 25.03 26.87 NOTE
r-release-linux-x86_64 0.1.0 1.67 25.10 26.77 NOTE
r-release-macos-arm64 0.1.0 22.00 NOTE
r-release-macos-x86_64 0.1.0 31.00 NOTE
r-release-windows-x86_64 0.1.0 3.00 50.00 53.00 NOTE
r-oldrel-macos-arm64 0.1.0 22.00 NOTE
r-oldrel-macos-x86_64 0.1.0 31.00 NOTE
r-oldrel-windows-x86_64 0.1.0 3.00 55.00 58.00 NOTE

Additional issues

donttest

Check Details

Version: 0.1.0
Check: LazyData
Result: NOTE 'LazyData' is specified without a 'data' directory Flavors: r-patched-linux-x86_64, r-release-linux-x86_64, r-release-macos-arm64, r-release-macos-x86_64, r-release-windows-x86_64, r-oldrel-macos-arm64, r-oldrel-macos-x86_64, r-oldrel-windows-x86_64