Last updated on 2025-04-30 04:50:16 CEST.
Flavor | Version | Tinstall | Tcheck | Ttotal | Status | Flags |
---|---|---|---|---|---|---|
r-devel-linux-x86_64-debian-clang | 1.0 | 3.95 | 39.09 | 43.04 | NOTE | |
r-devel-linux-x86_64-debian-gcc | 1.0 | 2.85 | 26.34 | 29.19 | NOTE | |
r-devel-linux-x86_64-fedora-clang | 1.0 | 74.04 | OK | |||
r-devel-linux-x86_64-fedora-gcc | 1.0 | 65.70 | OK | |||
r-devel-windows-x86_64 | 1.0 | 6.00 | 54.00 | 60.00 | OK | |
r-patched-linux-x86_64 | 1.0 | 3.86 | 37.29 | 41.15 | OK | |
r-release-linux-x86_64 | 1.0 | 3.59 | 36.57 | 40.16 | OK | |
r-release-macos-arm64 | 1.0 | 17.00 | OK | |||
r-release-macos-x86_64 | 1.0 | 46.00 | OK | |||
r-release-windows-x86_64 | 1.0 | 6.00 | 54.00 | 60.00 | OK | |
r-oldrel-macos-arm64 | 1.0 | 17.00 | OK | |||
r-oldrel-macos-x86_64 | 1.0 | 31.00 | OK | |||
r-oldrel-windows-x86_64 | 1.0 | 7.00 | 62.00 | 69.00 | OK |
Version: 1.0
Check: CRAN incoming feasibility
Result: NOTE
Maintainer: ‘Gonzalo Vazquez-Bare <gvazquez@econ.ucsb.edu>’
No Authors@R field in DESCRIPTION.
Please add one, modifying
Authors@R: c(person(given = c("Matias", "D."),
family = "Cattaneo",
role = "aut"),
person(given = "Rocio",
family = "Titiunik",
role = "aut"),
person(given = "Gonzalo",
family = "Vazquez-Bare",
role = c("aut", "cre"),
email = "gvazquez@econ.ucsb.edu"))
as necessary.
Flavors: r-devel-linux-x86_64-debian-clang, r-devel-linux-x86_64-debian-gcc
Version: 1.0
Check: examples
Result: NOTE
Examples with CPU (user + system) or elapsed time > 5s
user system elapsed
rdrbounds 5.753 0 6.63
Flavor: r-devel-linux-x86_64-debian-clang