Last updated on 2025-04-30 04:50:16 CEST.
Flavor | Version | Tinstall | Tcheck | Ttotal | Status | Flags |
---|---|---|---|---|---|---|
r-devel-linux-x86_64-debian-clang | 0.2.1 | 12.77 | 133.33 | 146.10 | NOTE | |
r-devel-linux-x86_64-debian-gcc | 0.2.1 | 8.15 | 96.40 | 104.55 | NOTE | |
r-devel-linux-x86_64-fedora-clang | 0.2.1 | 234.86 | OK | |||
r-devel-linux-x86_64-fedora-gcc | 0.2.1 | 231.47 | OK | |||
r-devel-windows-x86_64 | 0.2.1 | 18.00 | 161.00 | 179.00 | OK | |
r-patched-linux-x86_64 | 0.2.1 | 13.22 | 124.82 | 138.04 | OK | |
r-release-linux-x86_64 | 0.2.1 | 12.74 | 125.15 | 137.89 | OK | |
r-release-macos-arm64 | 0.2.1 | 88.00 | OK | |||
r-release-macos-x86_64 | 0.2.1 | 210.00 | OK | |||
r-release-windows-x86_64 | 0.2.1 | 17.00 | 163.00 | 180.00 | OK | |
r-oldrel-macos-arm64 | 0.2.1 | 91.00 | OK | |||
r-oldrel-macos-x86_64 | 0.2.1 | 121.00 | OK | |||
r-oldrel-windows-x86_64 | 0.2.1 | 20.00 | 188.00 | 208.00 | OK |
Version: 0.2.1
Check: CRAN incoming feasibility
Result: NOTE
Maintainer: ‘Gaurav Sood <gsood07@gmail.com>’
Package CITATION file contains call(s) to old-style personList() or
as.personList(). Please use c() on person objects instead.
Package CITATION file contains call(s) to old-style citEntry(). Please
use bibentry() instead.
Flavors: r-devel-linux-x86_64-debian-clang, r-devel-linux-x86_64-debian-gcc