CRAN Package Check Results for Package rdwd

Last updated on 2025-04-30 04:50:16 CEST.

Flavor Version Tinstall Tcheck Ttotal Status Flags
r-devel-linux-x86_64-debian-clang 1.8.0 13.24 107.54 120.78 NOTE
r-devel-linux-x86_64-debian-gcc 1.8.0 9.58 79.31 88.89 NOTE
r-devel-linux-x86_64-fedora-clang 1.8.0 178.23 OK
r-devel-linux-x86_64-fedora-gcc 1.8.0 189.47 OK
r-devel-windows-x86_64 1.8.0 14.00 126.00 140.00 NOTE
r-patched-linux-x86_64 1.8.0 14.60 102.50 117.10 NOTE
r-release-linux-x86_64 1.8.0 13.60 103.52 117.12 NOTE
r-release-macos-arm64 1.8.0 75.00 OK
r-release-macos-x86_64 1.8.0 102.00 OK
r-release-windows-x86_64 1.8.0 13.00 130.00 143.00 NOTE
r-oldrel-macos-arm64 1.8.0 68.00 NOTE
r-oldrel-macos-x86_64 1.8.0 89.00 NOTE
r-oldrel-windows-x86_64 1.8.0 16.00 149.00 165.00 NOTE

Check Details

Version: 1.8.0
Check: CRAN incoming feasibility
Result: NOTE Maintainer: ‘Berry Boessenkool <berry-b@gmx.de>’ No Authors@R field in DESCRIPTION. Please add one, modifying Authors@R: person(given = "Berry", family = "Boessenkool", role = c("aut", "cre"), email = "berry-b@gmx.de") as necessary. Flavors: r-devel-linux-x86_64-debian-clang, r-devel-linux-x86_64-debian-gcc

Version: 1.8.0
Check: Rd cross-references
Result: NOTE Found the following Rd file(s) with Rd \link{} targets missing package anchors: dataDWD.Rd: newFilename Please provide package anchors for all Rd \link{} targets not in the package itself and the base packages. Flavors: r-devel-linux-x86_64-debian-clang, r-devel-linux-x86_64-debian-gcc, r-devel-windows-x86_64, r-patched-linux-x86_64, r-release-linux-x86_64, r-release-windows-x86_64

Version: 1.8.0
Check: examples
Result: NOTE Examples with CPU (user + system) or elapsed time > 5s user system elapsed addBorders 7.469 0.121 8.630 nearbyStations 4.663 0.181 5.246 Flavor: r-devel-linux-x86_64-debian-clang

Version: 1.8.0
Check: examples
Result: NOTE Examples with CPU (user + system) or elapsed time > 5s user system elapsed addBorders 4.553 0.11 5.215 Flavor: r-devel-linux-x86_64-debian-gcc

Version: 1.8.0
Check: installed package size
Result: NOTE installed size is 7.2Mb sub-directories of 1Mb or more: R 4.6Mb data 1.5Mb Flavors: r-oldrel-macos-arm64, r-oldrel-macos-x86_64, r-oldrel-windows-x86_64