Last updated on 2025-04-30 04:50:16 CEST.
Flavor | Version | Tinstall | Tcheck | Ttotal | Status | Flags |
---|---|---|---|---|---|---|
r-devel-linux-x86_64-debian-clang | 0.9.3 | 1.81 | 25.00 | 26.81 | OK | |
r-devel-linux-x86_64-debian-gcc | 0.9.3 | 1.14 | 20.24 | 21.38 | OK | |
r-devel-linux-x86_64-fedora-clang | 0.9.3 | 43.43 | OK | |||
r-devel-linux-x86_64-fedora-gcc | 0.9.3 | 54.58 | OK | |||
r-devel-windows-x86_64 | 0.9.3 | 3.00 | 49.00 | 52.00 | OK | |
r-patched-linux-x86_64 | 0.9.3 | 1.45 | 23.97 | 25.42 | OK | |
r-release-linux-x86_64 | 0.9.3 | 1.71 | 24.17 | 25.88 | OK | |
r-release-macos-arm64 | 0.9.3 | 22.00 | OK | |||
r-release-macos-x86_64 | 0.9.3 | 55.00 | OK | |||
r-release-windows-x86_64 | 0.9.3 | 4.00 | 49.00 | 53.00 | OK | |
r-oldrel-macos-arm64 | 0.9.3 | 23.00 | NOTE | |||
r-oldrel-macos-x86_64 | 0.9.3 | 32.00 | NOTE | |||
r-oldrel-windows-x86_64 | 0.9.3 | 4.00 | 48.00 | 52.00 | NOTE |
Version: 0.9.3
Check: LazyData
Result: NOTE
'LazyData' is specified without a 'data' directory
Flavors: r-oldrel-macos-arm64, r-oldrel-macos-x86_64, r-oldrel-windows-x86_64