Last updated on 2025-04-30 04:50:16 CEST.
Flavor | Version | Tinstall | Tcheck | Ttotal | Status | Flags |
---|---|---|---|---|---|---|
r-devel-linux-x86_64-debian-clang | 2.9 | 10.79 | 88.96 | 99.75 | NOTE | |
r-devel-linux-x86_64-debian-gcc | 2.9 | 7.45 | 64.79 | 72.24 | NOTE | |
r-devel-linux-x86_64-fedora-clang | 2.9 | 153.49 | OK | |||
r-devel-linux-x86_64-fedora-gcc | 2.9 | 145.91 | OK | |||
r-devel-windows-x86_64 | 2.9 | 12.00 | 106.00 | 118.00 | OK | |
r-patched-linux-x86_64 | 2.9 | 10.90 | 85.67 | 96.57 | OK | |
r-release-linux-x86_64 | 2.9 | 9.91 | 86.94 | 96.85 | OK | |
r-release-macos-arm64 | 2.9 | 42.00 | OK | |||
r-release-macos-x86_64 | 2.9 | 77.00 | OK | |||
r-release-windows-x86_64 | 2.9 | 13.00 | 105.00 | 118.00 | OK | |
r-oldrel-macos-arm64 | 2.9 | 41.00 | OK | |||
r-oldrel-macos-x86_64 | 2.9 | 61.00 | OK | |||
r-oldrel-windows-x86_64 | 2.9 | 15.00 | 125.00 | 140.00 | OK |
Version: 2.9
Check: CRAN incoming feasibility
Result: NOTE
Maintainer: ‘Leonardo Dapporto <leondap@gmail.com>’
No Authors@R field in DESCRIPTION.
Please add one, modifying
Authors@R: c(person(given = "Leonardo",
family = "Dapporto",
role = c("aut", "cre"),
email = "leondap@gmail.com"),
person(given = "Matteo",
family = "Ramazzotti",
role = "aut"),
person(given = "Simone",
family = "Fattorini",
role = "aut"),
person(given = "Roger",
family = "Vila",
role = "aut"),
person(given = "Gerard",
family = "Talavera",
role = "aut"),
person(given = c("Roger", "H.L."),
family = "Dennis",
role = "aut"))
as necessary.
Flavors: r-devel-linux-x86_64-debian-clang, r-devel-linux-x86_64-debian-gcc