Last updated on 2025-04-30 04:50:16 CEST.
Flavor | Version | Tinstall | Tcheck | Ttotal | Status | Flags |
---|---|---|---|---|---|---|
r-devel-linux-x86_64-debian-clang | 1.4.0 | 17.20 | 91.45 | 108.65 | NOTE | |
r-devel-linux-x86_64-debian-gcc | 1.4.0 | 12.83 | 65.45 | 78.28 | NOTE | |
r-devel-linux-x86_64-fedora-clang | 1.4.0 | 168.40 | OK | |||
r-devel-linux-x86_64-fedora-gcc | 1.4.0 | 175.92 | OK | |||
r-devel-windows-x86_64 | 1.4.0 | 18.00 | 121.00 | 139.00 | OK | |
r-patched-linux-x86_64 | 1.4.0 | 18.15 | 86.86 | 105.01 | OK | |
r-release-linux-x86_64 | 1.4.0 | 16.68 | 87.92 | 104.60 | OK | |
r-release-macos-arm64 | 1.4.0 | 58.00 | OK | |||
r-release-macos-x86_64 | 1.4.0 | 87.00 | OK | |||
r-release-windows-x86_64 | 1.4.0 | 18.00 | 111.00 | 129.00 | OK | |
r-oldrel-macos-arm64 | 1.4.0 | 71.00 | OK | |||
r-oldrel-macos-x86_64 | 1.4.0 | 201.00 | OK | |||
r-oldrel-windows-x86_64 | 1.4.0 | 19.00 | 140.00 | 159.00 | OK |
Version: 1.4.0
Check: examples
Result: NOTE
Examples with CPU (user + system) or elapsed time > 5s
user system elapsed
drawCircle 10.422 0.333 13.157
Flavor: r-devel-linux-x86_64-debian-clang
Version: 1.4.0
Check: examples
Result: NOTE
Examples with CPU (user + system) or elapsed time > 5s
user system elapsed
drawCircle 6.175 0.407 7.412
Flavor: r-devel-linux-x86_64-debian-gcc