Last updated on 2025-04-30 04:50:16 CEST.
Flavor | Version | Tinstall | Tcheck | Ttotal | Status | Flags |
---|---|---|---|---|---|---|
r-devel-linux-x86_64-debian-clang | 1.0.4 | 27.90 | 491.94 | 519.84 | NOTE | |
r-devel-linux-x86_64-debian-gcc | 1.0.4 | 19.07 | 259.37 | 278.44 | NOTE | |
r-devel-linux-x86_64-fedora-clang | 1.0.4 | 599.66 | OK | |||
r-devel-linux-x86_64-fedora-gcc | 1.0.4 | 600.12 | OK | |||
r-devel-windows-x86_64 | 1.0.4 | 28.00 | 433.00 | 461.00 | OK | |
r-patched-linux-x86_64 | 1.0.4 | 25.18 | 348.80 | 373.98 | OK | |
r-release-linux-x86_64 | 1.0.4 | 22.82 | 385.42 | 408.24 | OK | |
r-release-macos-arm64 | 1.0.4 | 200.00 | OK | |||
r-release-macos-x86_64 | 1.0.4 | 318.00 | OK | |||
r-release-windows-x86_64 | 1.0.4 | 27.00 | 307.00 | 334.00 | OK | |
r-oldrel-macos-arm64 | 1.0.4 | 173.00 | OK | |||
r-oldrel-macos-x86_64 | 1.0.4 | 323.00 | OK | |||
r-oldrel-windows-x86_64 | 1.0.4 | 35.00 | 401.00 | 436.00 | OK |
Version: 1.0.4
Check: examples
Result: NOTE
Examples with CPU (user + system) or elapsed time > 5s
user system elapsed
gridUncertainty 8.938 0.022 10.706
Flavor: r-devel-linux-x86_64-debian-clang
Version: 1.0.4
Check: examples
Result: NOTE
Examples with CPU (user + system) or elapsed time > 5s
user system elapsed
gridUncertainty 5.347 0.042 6.625
Flavor: r-devel-linux-x86_64-debian-gcc