CRAN Package Check Results for Package refer

Last updated on 2025-04-30 04:50:16 CEST.

Flavor Version Tinstall Tcheck Ttotal Status Flags
r-devel-linux-x86_64-debian-clang 0.1.0 3.52 33.87 37.39 NOTE
r-devel-linux-x86_64-debian-gcc 0.1.0 2.15 25.85 28.00 NOTE
r-devel-linux-x86_64-fedora-clang 0.1.0 58.95 OK
r-devel-linux-x86_64-fedora-gcc 0.1.0 69.11 OK
r-devel-windows-x86_64 0.1.0 6.00 63.00 69.00 OK
r-patched-linux-x86_64 0.1.0 3.95 32.53 36.48 OK
r-release-linux-x86_64 0.1.0 3.23 33.37 36.60 OK
r-release-macos-arm64 0.1.0 42.00 OK
r-release-macos-x86_64 0.1.0 54.00 OK
r-release-windows-x86_64 0.1.0 4.00 59.00 63.00 OK
r-oldrel-macos-arm64 0.1.0 26.00 OK
r-oldrel-macos-x86_64 0.1.0 38.00 OK
r-oldrel-windows-x86_64 0.1.0 6.00 60.00 66.00 OK

Check Details

Version: 0.1.0
Check: CRAN incoming feasibility
Result: NOTE Maintainer: ‘Christopher Mann <cmann3@unl.edu>’ No Authors@R field in DESCRIPTION. Please add one, modifying Authors@R: person(given = "Christopher", family = "Mann", role = c("aut", "cre"), email = "cmann3@unl.edu") as necessary. Flavors: r-devel-linux-x86_64-debian-clang, r-devel-linux-x86_64-debian-gcc