Last updated on 2025-04-30 04:50:16 CEST.
Flavor | Version | Tinstall | Tcheck | Ttotal | Status | Flags |
---|---|---|---|---|---|---|
r-devel-linux-x86_64-debian-clang | 0.1.1 | 13.84 | 115.28 | 129.12 | NOTE | |
r-devel-linux-x86_64-debian-gcc | 0.1.1 | 11.09 | 88.53 | 99.62 | NOTE | |
r-devel-linux-x86_64-fedora-clang | 0.1.1 | 203.65 | OK | |||
r-devel-linux-x86_64-fedora-gcc | 0.1.1 | 191.03 | OK | |||
r-devel-windows-x86_64 | 0.1.1 | 16.00 | 113.00 | 129.00 | OK | |
r-patched-linux-x86_64 | 0.1.1 | 12.46 | 113.36 | 125.82 | OK | |
r-release-linux-x86_64 | 0.1.1 | 13.89 | 114.45 | 128.34 | OK | |
r-release-macos-arm64 | 0.1.1 | 72.00 | OK | |||
r-release-macos-x86_64 | 0.1.1 | 108.00 | OK | |||
r-release-windows-x86_64 | 0.1.1 | 15.00 | 118.00 | 133.00 | OK | |
r-oldrel-macos-arm64 | 0.1.1 | 69.00 | OK | |||
r-oldrel-macos-x86_64 | 0.1.1 | 88.00 | OK | |||
r-oldrel-windows-x86_64 | 0.1.1 | 18.00 | 137.00 | 155.00 | OK |
Version: 0.1.1
Check: examples
Result: NOTE
Examples with CPU (user + system) or elapsed time > 5s
user system elapsed
trivRegr 6.025 0.482 8.183
bivRegr 4.324 0.452 6.037
Flavor: r-devel-linux-x86_64-debian-clang
Version: 0.1.1
Check: examples
Result: NOTE
Examples with CPU (user + system) or elapsed time > 5s
user system elapsed
trivRegr 4.428 0.388 5.614
Flavor: r-devel-linux-x86_64-debian-gcc