CRAN Package Check Results for Package refuge

Last updated on 2025-04-30 04:50:16 CEST.

Flavor Version Tinstall Tcheck Ttotal Status Flags
r-devel-linux-x86_64-debian-clang 0.3.3 4.06 38.77 42.83 OK
r-devel-linux-x86_64-debian-gcc 0.3.3 2.56 29.54 32.10 OK
r-devel-linux-x86_64-fedora-clang 0.3.3 65.72 OK
r-devel-linux-x86_64-fedora-gcc 0.3.3 75.47 OK
r-devel-windows-x86_64 0.3.3 5.00 62.00 67.00 OK
r-patched-linux-x86_64 0.3.3 2.95 35.48 38.43 OK
r-release-linux-x86_64 0.3.3 3.44 36.02 39.46 OK
r-release-macos-arm64 0.3.3 29.00 OK
r-release-macos-x86_64 0.3.3 51.00 OK
r-release-windows-x86_64 0.3.3 6.00 58.00 64.00 OK
r-oldrel-macos-arm64 0.3.3 30.00 NOTE
r-oldrel-macos-x86_64 0.3.3 43.00 NOTE
r-oldrel-windows-x86_64 0.3.3 6.00 63.00 69.00 NOTE

Check Details

Version: 0.3.3
Check: LazyData
Result: NOTE 'LazyData' is specified without a 'data' directory Flavors: r-oldrel-macos-arm64, r-oldrel-macos-x86_64, r-oldrel-windows-x86_64