Last updated on 2025-02-21 03:52:24 CET.
Flavor | Version | Tinstall | Tcheck | Ttotal | Status | Flags |
---|---|---|---|---|---|---|
r-devel-linux-x86_64-debian-clang | 1.0 | 16.72 | 118.06 | 134.78 | NOTE | |
r-devel-linux-x86_64-debian-gcc | 1.0 | 11.55 | 84.89 | 96.44 | NOTE | |
r-devel-linux-x86_64-fedora-clang | 1.0 | 206.48 | OK | |||
r-devel-linux-x86_64-fedora-gcc | 1.0 | 202.04 | OK | |||
r-devel-macos-arm64 | 1.0 | 60.00 | OK | |||
r-devel-macos-x86_64 | 1.0 | 105.00 | OK | |||
r-devel-windows-x86_64 | 1.0 | 16.00 | 119.00 | 135.00 | NOTE | |
r-patched-linux-x86_64 | 1.0 | 20.96 | 109.29 | 130.25 | OK | |
r-release-linux-x86_64 | 1.0 | 14.95 | 109.99 | 124.94 | OK | |
r-release-macos-arm64 | 1.0 | 53.00 | OK | |||
r-release-macos-x86_64 | 1.0 | 77.00 | OK | |||
r-release-windows-x86_64 | 1.0 | 16.00 | 122.00 | 138.00 | OK | |
r-oldrel-macos-arm64 | 1.0 | 65.00 | OK | |||
r-oldrel-macos-x86_64 | 1.0 | 91.00 | OK | |||
r-oldrel-windows-x86_64 | 1.0 | 22.00 | 140.00 | 162.00 | OK |
Version: 1.0
Check: Rd cross-references
Result: NOTE
Found the following Rd file(s) with Rd \link{} targets missing package
anchors:
plot_shiny.Rd: fpca.sc, fpca.face, fpca.ssvd, fpca2s, bayes_fosr,
mfpca.sc
Please provide package anchors for all Rd \link{} targets not in the
package itself and the base packages.
Flavors: r-devel-linux-x86_64-debian-clang, r-devel-linux-x86_64-debian-gcc, r-devel-windows-x86_64