Last updated on 2025-04-30 04:50:16 CEST.
Flavor | Version | Tinstall | Tcheck | Ttotal | Status | Flags |
---|---|---|---|---|---|---|
r-devel-linux-x86_64-debian-clang | 1.1.1 | 10.39 | 119.12 | 129.51 | NOTE | |
r-devel-linux-x86_64-debian-gcc | 1.1.1 | 6.93 | 77.95 | 84.88 | NOTE | |
r-devel-linux-x86_64-fedora-clang | 1.1.1 | 212.25 | OK | |||
r-devel-linux-x86_64-fedora-gcc | 1.1.1 | 220.57 | OK | |||
r-devel-windows-x86_64 | 1.1.1 | 11.00 | 189.00 | 200.00 | OK | |
r-patched-linux-x86_64 | 1.1.1 | 10.91 | 110.72 | 121.63 | OK | |
r-release-linux-x86_64 | 1.1.1 | 10.34 | 111.67 | 122.01 | OK | |
r-release-macos-arm64 | 1.1.1 | 73.00 | OK | |||
r-release-macos-x86_64 | 1.1.1 | 154.00 | OK | |||
r-release-windows-x86_64 | 1.1.1 | 11.00 | 174.00 | 185.00 | OK | |
r-oldrel-macos-arm64 | 1.1.1 | 62.00 | OK | |||
r-oldrel-macos-x86_64 | 1.1.1 | 126.00 | OK | |||
r-oldrel-windows-x86_64 | 1.1.1 | 13.00 | 205.00 | 218.00 | OK |
Version: 1.1.1
Check: CRAN incoming feasibility
Result: NOTE
Maintainer: ‘William Belzak <wbelzak@gmail.com>’
No Authors@R field in DESCRIPTION.
Please add one, modifying
Authors@R: person(given = "William",
family = "Belzak",
role = c("aut", "cre"),
email = "wbelzak@gmail.com")
as necessary.
Flavors: r-devel-linux-x86_64-debian-clang, r-devel-linux-x86_64-debian-gcc