Last updated on 2025-04-30 04:50:16 CEST.
Flavor | Version | Tinstall | Tcheck | Ttotal | Status | Flags |
---|---|---|---|---|---|---|
r-devel-linux-x86_64-debian-clang | 0.0.1 | 11.53 | 58.04 | 69.57 | NOTE | |
r-devel-linux-x86_64-debian-gcc | 0.0.1 | 6.46 | 38.53 | 44.99 | NOTE | |
r-devel-linux-x86_64-fedora-clang | 0.0.1 | 109.90 | OK | |||
r-devel-linux-x86_64-fedora-gcc | 0.0.1 | 102.69 | OK | |||
r-devel-windows-x86_64 | 0.0.1 | 11.00 | 70.00 | 81.00 | OK | |
r-patched-linux-x86_64 | 0.0.1 | 10.74 | 53.82 | 64.56 | OK | |
r-release-linux-x86_64 | 0.0.1 | 9.90 | 55.29 | 65.19 | OK | |
r-release-macos-arm64 | 0.0.1 | 31.00 | OK | |||
r-release-macos-x86_64 | 0.0.1 | 56.00 | OK | |||
r-release-windows-x86_64 | 0.0.1 | 10.00 | 70.00 | 80.00 | OK | |
r-oldrel-macos-arm64 | 0.0.1 | 28.00 | OK | |||
r-oldrel-macos-x86_64 | 0.0.1 | 83.00 | OK | |||
r-oldrel-windows-x86_64 | 0.0.1 | 14.00 | 78.00 | 92.00 | OK |
Version: 0.0.1
Check: examples
Result: NOTE
Examples with CPU (user + system) or elapsed time > 5s
user system elapsed
mmd_reg 5.216 2.191 10.494
Flavor: r-devel-linux-x86_64-debian-clang
Version: 0.0.1
Check: examples
Result: NOTE
Examples with CPU (user + system) or elapsed time > 5s
user system elapsed
mmd_reg 3.302 2.358 6.569
Flavor: r-devel-linux-x86_64-debian-gcc