Last updated on 2025-04-30 04:50:16 CEST.
Flavor | Version | Tinstall | Tcheck | Ttotal | Status | Flags |
---|---|---|---|---|---|---|
r-devel-linux-x86_64-debian-clang | 0.1.8 | 9.01 | 78.08 | 87.09 | NOTE | |
r-devel-linux-x86_64-debian-gcc | 0.1.8 | 5.43 | 56.32 | 61.75 | NOTE | |
r-devel-linux-x86_64-fedora-clang | 0.1.8 | 130.33 | NOTE | |||
r-devel-linux-x86_64-fedora-gcc | 0.1.8 | 137.63 | NOTE | |||
r-devel-windows-x86_64 | 0.1.8 | 13.00 | 97.00 | 110.00 | NOTE | |
r-patched-linux-x86_64 | 0.1.8 | 8.12 | 72.28 | 80.40 | NOTE | |
r-release-linux-x86_64 | 0.1.8 | 7.83 | 73.10 | 80.93 | NOTE | |
r-release-macos-arm64 | 0.1.8 | 51.00 | NOTE | |||
r-release-macos-x86_64 | 0.1.8 | 97.00 | NOTE | |||
r-release-windows-x86_64 | 0.1.8 | 11.00 | 100.00 | 111.00 | NOTE | |
r-oldrel-macos-arm64 | 0.1.8 | 49.00 | NOTE | |||
r-oldrel-macos-x86_64 | 0.1.8 | 82.00 | NOTE | |||
r-oldrel-windows-x86_64 | 0.1.8 | 16.00 | 116.00 | 132.00 | NOTE |
Version: 0.1.8
Check: CRAN incoming feasibility
Result: NOTE
Maintainer: ‘Daniel Antal <daniel.antal@ceemid.eu>’
The BugReports field in DESCRIPTION has
https://github.com/rOpenGov/regions
which should likely be
https://github.com/rOpenGov/regions/issues
instead.
Flavors: r-devel-linux-x86_64-debian-clang, r-devel-linux-x86_64-debian-gcc
Version: 0.1.8
Check: Rd files
Result: NOTE
checkRd: (-1) impute_down_nuts.Rd:21: Lost braces
21 | NUTS typologies, defaults to code{"geo_var".}}
| ^
checkRd: (-1) validate_data_frame.Rd:19: Lost braces
19 | NUTS typologies, defaults to code{"geo_var".}}
| ^
Flavors: r-devel-linux-x86_64-debian-clang, r-devel-linux-x86_64-debian-gcc, r-devel-linux-x86_64-fedora-clang, r-devel-linux-x86_64-fedora-gcc, r-devel-windows-x86_64, r-patched-linux-x86_64, r-release-linux-x86_64, r-release-macos-arm64, r-release-macos-x86_64, r-release-windows-x86_64, r-oldrel-macos-arm64, r-oldrel-macos-x86_64, r-oldrel-windows-x86_64