Last updated on 2025-04-30 04:50:16 CEST.
Flavor | Version | Tinstall | Tcheck | Ttotal | Status | Flags |
---|---|---|---|---|---|---|
r-devel-linux-x86_64-debian-clang | 0.5-1 | 1.98 | 26.24 | 28.22 | NOTE | |
r-devel-linux-x86_64-debian-gcc | 0.5-1 | 1.37 | 21.40 | 22.77 | NOTE | |
r-devel-linux-x86_64-fedora-clang | 0.5-1 | 44.94 | OK | |||
r-devel-linux-x86_64-fedora-gcc | 0.5-1 | 55.51 | OK | |||
r-devel-windows-x86_64 | 0.5-1 | 3.00 | 65.00 | 68.00 | OK | |
r-patched-linux-x86_64 | 0.5-1 | 1.98 | 25.61 | 27.59 | OK | |
r-release-linux-x86_64 | 0.5-1 | 1.90 | 25.47 | 27.37 | OK | |
r-release-macos-arm64 | 0.5-1 | 29.00 | OK | |||
r-release-macos-x86_64 | 0.5-1 | 48.00 | OK | |||
r-release-windows-x86_64 | 0.5-1 | 3.00 | 68.00 | 71.00 | OK | |
r-oldrel-macos-arm64 | 0.5-1 | 29.00 | OK | |||
r-oldrel-macos-x86_64 | 0.5-1 | 37.00 | OK | |||
r-oldrel-windows-x86_64 | 0.5-1 | 3.00 | 62.00 | 65.00 | OK |
Version: 0.5-1
Check: CRAN incoming feasibility
Result: NOTE
Maintainer: ‘David Meyer <David.Meyer@R-project.org>’
No Authors@R field in DESCRIPTION.
Please add one, modifying
Authors@R: person(given = "David",
family = "Meyer",
role = c("aut", "cre"),
email = "david.meyer@r-project.org")
as necessary.
Flavors: r-devel-linux-x86_64-debian-clang, r-devel-linux-x86_64-debian-gcc