Last updated on 2025-04-30 04:50:16 CEST.
Flavor | Version | Tinstall | Tcheck | Ttotal | Status | Flags |
---|---|---|---|---|---|---|
r-devel-linux-x86_64-debian-clang | 1.0.1 | 10.70 | 189.15 | 199.85 | OK | |
r-devel-linux-x86_64-debian-gcc | 1.0.1 | 7.04 | 132.15 | 139.19 | OK | |
r-devel-linux-x86_64-fedora-clang | 1.0.1 | 313.67 | NOTE | |||
r-devel-linux-x86_64-fedora-gcc | 1.0.1 | 325.11 | NOTE | |||
r-devel-windows-x86_64 | 1.0.1 | 10.00 | 198.00 | 208.00 | OK | |
r-patched-linux-x86_64 | 1.0.1 | 9.59 | 182.34 | 191.93 | OK | |
r-release-linux-x86_64 | 1.0.1 | 9.47 | 182.24 | 191.71 | OK | |
r-release-macos-arm64 | 1.0.1 | 131.00 | OK | |||
r-release-macos-x86_64 | 1.0.1 | 229.00 | OK | |||
r-release-windows-x86_64 | 1.0.1 | 11.00 | 199.00 | 210.00 | OK | |
r-oldrel-macos-arm64 | 1.0.1 | 114.00 | OK | |||
r-oldrel-macos-x86_64 | 1.0.1 | 188.00 | OK | |||
r-oldrel-windows-x86_64 | 1.0.1 | 12.00 | 240.00 | 252.00 | OK |
Version: 1.0.1
Check: dependencies in R code
Result: NOTE
Namespace in Imports field not imported from: ‘Deriv’
All declared Imports should be used.
Flavors: r-devel-linux-x86_64-fedora-clang, r-devel-linux-x86_64-fedora-gcc