Last updated on 2025-04-30 04:50:16 CEST.
Flavor | Version | Tinstall | Tcheck | Ttotal | Status | Flags |
---|---|---|---|---|---|---|
r-devel-linux-x86_64-debian-clang | 2.2-7 | 14.45 | 98.08 | 112.53 | NOTE | |
r-devel-linux-x86_64-debian-gcc | 2.2-7 | 10.24 | 68.90 | 79.14 | NOTE | |
r-devel-linux-x86_64-fedora-clang | 2.2-7 | 181.69 | OK | |||
r-devel-linux-x86_64-fedora-gcc | 2.2-7 | 165.89 | OK | |||
r-devel-windows-x86_64 | 2.2-7 | 14.00 | 107.00 | 121.00 | OK | |
r-patched-linux-x86_64 | 2.2-7 | 14.40 | 93.88 | 108.28 | OK | |
r-release-linux-x86_64 | 2.2-7 | 12.75 | 93.98 | 106.73 | OK | |
r-release-macos-arm64 | 2.2-7 | 62.00 | OK | |||
r-release-macos-x86_64 | 2.2-7 | 105.00 | OK | |||
r-release-windows-x86_64 | 2.2-7 | 14.00 | 101.00 | 115.00 | OK | |
r-oldrel-macos-arm64 | 2.2-7 | 49.00 | OK | |||
r-oldrel-macos-x86_64 | 2.2-7 | 70.00 | OK | |||
r-oldrel-windows-x86_64 | 2.2-7 | 18.00 | 120.00 | 138.00 | OK |
Version: 2.2-7
Check: examples
Result: NOTE
Examples with CPU (user + system) or elapsed time > 5s
user system elapsed
mianalyze.relimp 7.167 0.030 7.663
booteval.relimp 4.592 0.224 6.135
Flavor: r-devel-linux-x86_64-debian-clang
Version: 2.2-7
Check: examples
Result: NOTE
Examples with CPU (user + system) or elapsed time > 5s
user system elapsed
mianalyze.relimp 4.358 0.039 5.021
Flavor: r-devel-linux-x86_64-debian-gcc