Last updated on 2025-04-30 04:50:16 CEST.
Flavor | Version | Tinstall | Tcheck | Ttotal | Status | Flags |
---|---|---|---|---|---|---|
r-devel-linux-x86_64-debian-clang | 1.0 | 1.98 | 49.14 | 51.12 | NOTE | |
r-devel-linux-x86_64-debian-gcc | 1.0 | 2.05 | 36.47 | 38.52 | NOTE | |
r-devel-linux-x86_64-fedora-clang | 1.0 | 81.88 | OK | |||
r-devel-linux-x86_64-fedora-gcc | 1.0 | 92.33 | OK | |||
r-devel-windows-x86_64 | 1.0 | 4.00 | 70.00 | 74.00 | OK | |
r-patched-linux-x86_64 | 1.0 | 2.83 | 46.82 | 49.65 | OK | |
r-release-linux-x86_64 | 1.0 | 2.43 | 47.83 | 50.26 | OK | |
r-release-macos-arm64 | 1.0 | 34.00 | OK | |||
r-release-macos-x86_64 | 1.0 | 76.00 | OK | |||
r-release-windows-x86_64 | 1.0 | 4.00 | 69.00 | 73.00 | OK | |
r-oldrel-macos-arm64 | 1.0 | 34.00 | NOTE | |||
r-oldrel-macos-x86_64 | 1.0 | 67.00 | NOTE | |||
r-oldrel-windows-x86_64 | 1.0 | 5.00 | 79.00 | 84.00 | NOTE |
Version: 1.0
Check: CRAN incoming feasibility
Result: NOTE
Maintainer: ‘Kenneth Tay <kjytay@stanford.edu>’
No Authors@R field in DESCRIPTION.
Please add one, modifying
Authors@R: c(person(given = "Kenneth",
family = "Tay",
role = c("aut", "cre"),
email = "kjytay@stanford.edu"),
person(given = "Robert",
family = "Tibshirani",
role = "aut"))
as necessary.
The Description field contains
(2019) <arXiv:1912.01808> for details.
Please refer to arXiv e-prints via their arXiv DOI <doi:10.48550/arXiv.YYMM.NNNNN>.
Flavors: r-devel-linux-x86_64-debian-clang, r-devel-linux-x86_64-debian-gcc
Version: 1.0
Check: examples
Result: NOTE
Examples with CPU (user + system) or elapsed time > 5s
user system elapsed
cv.rgam 3.902 0.117 5.583
Flavor: r-devel-linux-x86_64-debian-clang
Version: 1.0
Check: LazyData
Result: NOTE
'LazyData' is specified without a 'data' directory
Flavors: r-oldrel-macos-arm64, r-oldrel-macos-x86_64, r-oldrel-windows-x86_64