Last updated on 2025-04-30 04:50:16 CEST.
Flavor | Version | Tinstall | Tcheck | Ttotal | Status | Flags |
---|---|---|---|---|---|---|
r-devel-linux-x86_64-debian-clang | 1.3.1 | 21.30 | 47.12 | 68.42 | NOTE | |
r-devel-linux-x86_64-debian-gcc | 1.3.1 | 17.42 | 32.64 | 50.06 | NOTE | |
r-devel-linux-x86_64-fedora-clang | 1.3.1 | 131.09 | OK | |||
r-devel-linux-x86_64-fedora-gcc | 1.3.1 | 116.56 | OK | |||
r-devel-windows-x86_64 | 1.3.1 | 29.00 | 89.00 | 118.00 | OK | |
r-patched-linux-x86_64 | 1.3.1 | 24.12 | 43.89 | 68.01 | OK | |
r-release-linux-x86_64 | 1.3.1 | 25.83 | 44.62 | 70.45 | OK | |
r-release-macos-arm64 | 1.3.1 | 45.00 | OK | |||
r-release-macos-x86_64 | 1.3.1 | 62.00 | OK | |||
r-release-windows-x86_64 | 1.3.1 | 29.00 | 82.00 | 111.00 | OK | |
r-oldrel-macos-arm64 | 1.3.1 | 37.00 | OK | |||
r-oldrel-macos-x86_64 | 1.3.1 | 58.00 | OK | |||
r-oldrel-windows-x86_64 | 1.3.1 | 32.00 | 95.00 | 127.00 | OK |
Version: 1.3.1
Check: CRAN incoming feasibility
Result: NOTE
Maintainer: ‘Laurence Brandenberger <lbrandenberger@ethz.ch>’
No Authors@R field in DESCRIPTION.
Please add one, modifying
Authors@R: person(given = "Laurence",
family = "Brandenberger",
role = c("aut", "cre"),
email = "lbrandenberger@ethz.ch")
as necessary.
Package CITATION file contains call(s) to old-style personList() or
as.personList(). Please use c() on person objects instead.
Package CITATION file contains call(s) to old-style citEntry(). Please
use bibentry() instead.
Flavors: r-devel-linux-x86_64-debian-clang, r-devel-linux-x86_64-debian-gcc