Last updated on 2025-04-30 04:50:16 CEST.
Flavor | Version | Tinstall | Tcheck | Ttotal | Status | Flags |
---|---|---|---|---|---|---|
r-devel-linux-x86_64-debian-clang | 0.0.18 | 22.76 | 60.80 | 83.56 | NOTE | |
r-devel-linux-x86_64-debian-gcc | 0.0.18 | 13.70 | 43.36 | 57.06 | OK | |
r-devel-linux-x86_64-fedora-clang | 0.0.18 | 160.80 | OK | |||
r-devel-linux-x86_64-fedora-gcc | 0.0.18 | 173.65 | OK | |||
r-devel-windows-x86_64 | 0.0.18 | 30.00 | 104.00 | 134.00 | OK | |
r-patched-linux-x86_64 | 0.0.18 | 20.12 | 56.25 | 76.37 | OK | |
r-release-linux-x86_64 | 0.0.18 | 19.69 | 55.85 | 75.54 | OK | |
r-release-macos-arm64 | 0.0.18 | 45.00 | OK | |||
r-release-macos-x86_64 | 0.0.18 | 79.00 | OK | |||
r-release-windows-x86_64 | 0.0.18 | 28.00 | 87.00 | 115.00 | OK | |
r-oldrel-macos-arm64 | 0.0.18 | 46.00 | OK | |||
r-oldrel-macos-x86_64 | 0.0.18 | 67.00 | OK | |||
r-oldrel-windows-x86_64 | 0.0.18 | 32.00 | 123.00 | 155.00 | OK |
Version: 0.0.18
Check: examples
Result: NOTE
Examples with CPU (user + system) or elapsed time > 5s
user system elapsed
LS.empirical 4.252 0.065 5.267
Flavor: r-devel-linux-x86_64-debian-clang