Last updated on 2025-04-30 04:50:16 CEST.
Flavor | Version | Tinstall | Tcheck | Ttotal | Status | Flags |
---|---|---|---|---|---|---|
r-devel-linux-x86_64-debian-clang | 3.2.8 | 37.71 | 60.75 | 98.46 | OK | |
r-devel-linux-x86_64-debian-gcc | 3.2.8 | 27.42 | 47.99 | 75.41 | OK | |
r-devel-linux-x86_64-fedora-clang | 3.2.8 | 161.55 | OK | |||
r-devel-linux-x86_64-fedora-gcc | 3.2.8 | 181.89 | OK | |||
r-devel-windows-x86_64 | 3.2.8 | 41.00 | 131.00 | 172.00 | OK | |
r-patched-linux-x86_64 | 3.2.8 | 41.38 | 58.16 | 99.54 | OK | |
r-release-linux-x86_64 | 3.2.8 | 36.42 | 57.45 | 93.87 | OK | |
r-release-macos-arm64 | 3.2.8 | 72.00 | OK | |||
r-release-macos-x86_64 | 3.2.8 | 116.00 | OK | |||
r-release-windows-x86_64 | 3.2.8 | 41.00 | 125.00 | 166.00 | OK | |
r-oldrel-macos-arm64 | 3.2.8 | 72.00 | NOTE | |||
r-oldrel-macos-x86_64 | 3.2.8 | 113.00 | NOTE | |||
r-oldrel-windows-x86_64 | 3.2.8 | 47.00 | 147.00 | 194.00 | NOTE |
Version: 3.2.8
Check: installed package size
Result: NOTE
installed size is 8.3Mb
sub-directories of 1Mb or more:
doc 3.5Mb
libs 4.0Mb
Flavors: r-oldrel-macos-arm64, r-oldrel-macos-x86_64, r-oldrel-windows-x86_64