Last updated on 2025-04-30 04:50:16 CEST.
Flavor | Version | Tinstall | Tcheck | Ttotal | Status | Flags |
---|---|---|---|---|---|---|
r-devel-linux-x86_64-debian-clang | 1.2.3 | 47.10 | 291.25 | 338.35 | NOTE | |
r-devel-linux-x86_64-debian-gcc | 1.2.3 | 31.71 | 181.45 | 213.16 | OK | |
r-devel-linux-x86_64-fedora-clang | 1.2.3 | 537.86 | OK | |||
r-devel-linux-x86_64-fedora-gcc | 1.2.3 | 502.33 | OK | |||
r-devel-windows-x86_64 | 1.2.3 | 49.00 | 252.00 | 301.00 | OK | |
r-patched-linux-x86_64 | 1.2.3 | 46.15 | 267.19 | 313.34 | OK | |
r-release-linux-x86_64 | 1.2.3 | 43.66 | 271.82 | 315.48 | OK | |
r-release-macos-arm64 | 1.2.3 | 116.00 | OK | |||
r-release-macos-x86_64 | 1.2.3 | 234.00 | OK | |||
r-release-windows-x86_64 | 1.2.3 | 51.00 | 254.00 | 305.00 | OK | |
r-oldrel-macos-arm64 | 1.2.3 | 116.00 | OK | |||
r-oldrel-macos-x86_64 | 1.2.3 | 256.00 | OK | |||
r-oldrel-windows-x86_64 | 1.2.3 | 56.00 | 330.00 | 386.00 | OK |
Version: 1.2.3
Check: examples
Result: NOTE
Examples with CPU (user + system) or elapsed time > 5s
user system elapsed
subset 4.993 0.062 5.882
nXplain 4.740 0.078 5.566
plot 4.166 0.070 5.140
Flavor: r-devel-linux-x86_64-debian-clang