Last updated on 2025-04-30 04:50:16 CEST.
Flavor | Version | Tinstall | Tcheck | Ttotal | Status | Flags |
---|---|---|---|---|---|---|
r-devel-linux-x86_64-debian-clang | 2.3.13 | 39.32 | 127.84 | 167.16 | OK | |
r-devel-linux-x86_64-debian-gcc | 2.3.13 | 28.44 | 74.61 | 103.05 | OK | |
r-devel-linux-x86_64-fedora-clang | 2.3.13 | 280.47 | OK | |||
r-devel-linux-x86_64-fedora-gcc | 2.3.13 | 276.24 | OK | |||
r-devel-windows-x86_64 | 2.3.13 | 45.00 | 189.00 | 234.00 | OK | |
r-patched-linux-x86_64 | 2.3.13 | 41.27 | 108.48 | 149.75 | OK | |
r-release-linux-x86_64 | 2.3.13 | 40.65 | 107.25 | 147.90 | OK | |
r-release-macos-arm64 | 2.3.13 | 92.00 | OK | |||
r-release-macos-x86_64 | 2.3.13 | 152.00 | OK | |||
r-release-windows-x86_64 | 2.3.13 | 48.00 | 182.00 | 230.00 | OK | |
r-oldrel-macos-arm64 | 2.3.13 | 88.00 | NOTE | |||
r-oldrel-macos-x86_64 | 2.3.13 | 169.00 | NOTE | |||
r-oldrel-windows-x86_64 | 2.3.13 | 51.00 | 233.00 | 284.00 | NOTE |
Version: 2.3.13
Check: installed package size
Result: NOTE
installed size is 9.4Mb
sub-directories of 1Mb or more:
doc 3.9Mb
libs 5.1Mb
Flavors: r-oldrel-macos-arm64, r-oldrel-macos-x86_64, r-oldrel-windows-x86_64