Last updated on 2025-04-30 04:50:16 CEST.
Flavor | Version | Tinstall | Tcheck | Ttotal | Status | Flags |
---|---|---|---|---|---|---|
r-devel-linux-x86_64-debian-clang | 0.2.1 | 3.98 | 52.63 | 56.61 | NOTE | |
r-devel-linux-x86_64-debian-gcc | 0.2.1 | 3.12 | 42.85 | 45.97 | NOTE | |
r-devel-linux-x86_64-fedora-clang | 0.2.1 | 90.92 | OK | |||
r-devel-linux-x86_64-fedora-gcc | 0.2.1 | 100.12 | OK | |||
r-devel-windows-x86_64 | 0.2.1 | 6.00 | 79.00 | 85.00 | OK | |
r-patched-linux-x86_64 | 0.2.1 | 3.62 | 51.50 | 55.12 | OK | |
r-release-linux-x86_64 | 0.2.1 | 3.68 | 51.85 | 55.53 | OK | |
r-release-macos-arm64 | 0.2.1 | 33.00 | OK | |||
r-release-macos-x86_64 | 0.2.1 | 61.00 | OK | |||
r-release-windows-x86_64 | 0.2.1 | 4.00 | 76.00 | 80.00 | OK | |
r-oldrel-macos-arm64 | 0.2.1 | 34.00 | OK | |||
r-oldrel-macos-x86_64 | 0.2.1 | 55.00 | OK | |||
r-oldrel-windows-x86_64 | 0.2.1 | 6.00 | 81.00 | 87.00 | OK |
Version: 0.2.1
Check: CRAN incoming feasibility
Result: NOTE
Maintainer: ‘Juan Carlos Aledo <caledo@uma.es>’
No Authors@R field in DESCRIPTION.
Please add one, modifying
Authors@R: person(given = c("Juan", "Carlos"),
family = "Aledo",
role = c("aut", "cre"),
email = "caledo@uma.es")
as necessary.
Flavors: r-devel-linux-x86_64-debian-clang, r-devel-linux-x86_64-debian-gcc