Last updated on 2025-04-30 04:50:16 CEST.
Flavor | Version | Tinstall | Tcheck | Ttotal | Status | Flags |
---|---|---|---|---|---|---|
r-devel-linux-x86_64-debian-clang | 0.6.1 | 10.52 | 98.79 | 109.31 | NOTE | |
r-devel-linux-x86_64-debian-gcc | 0.6.1 | 7.54 | 72.75 | 80.29 | NOTE | |
r-devel-linux-x86_64-fedora-clang | 0.6.1 | 188.00 | OK | |||
r-devel-linux-x86_64-fedora-gcc | 0.6.1 | 206.54 | OK | |||
r-devel-windows-x86_64 | 0.6.1 | 12.00 | 438.00 | 450.00 | OK | |
r-patched-linux-x86_64 | 0.6.1 | 12.15 | 94.48 | 106.63 | OK | |
r-release-linux-x86_64 | 0.6.1 | 10.33 | 94.64 | 104.97 | OK | |
r-release-macos-arm64 | 0.6.1 | 71.00 | OK | |||
r-release-macos-x86_64 | 0.6.1 | 129.00 | OK | |||
r-release-windows-x86_64 | 0.6.1 | 13.00 | 515.00 | 528.00 | OK | |
r-oldrel-macos-arm64 | 0.6.1 | 51.00 | OK | |||
r-oldrel-macos-x86_64 | 0.6.1 | 159.00 | OK | |||
r-oldrel-windows-x86_64 | 0.6.1 | 14.00 | 378.00 | 392.00 | OK |
Version: 0.6.1
Check: examples
Result: NOTE
Examples with CPU (user + system) or elapsed time > 5s
user system elapsed
report.stanreg 6.124 0.192 7.344
Flavor: r-devel-linux-x86_64-debian-clang
Version: 0.6.1
Check: examples
Result: NOTE
Examples with CPU (user + system) or elapsed time > 5s
user system elapsed
report.stanreg 4.512 0.369 5.501
Flavor: r-devel-linux-x86_64-debian-gcc